18*0/(-1). Let w be x(d). Suppose 7*b - w*b = 44. List the prime factors of b.
11
Suppose 0 = 5*b - 3*q + 2 + 1, -2*q = -5*b - 7. What are the prime factors of b + 5 - -17*(-1 + 18)?
3, 97
Let i = -19 + 39. Suppose -q - i = -56. What are the prime factors of q?
2, 3
Let a(m) = -10*m - 3. Let l be a(-5). Let f = 67 - l. What are the prime factors of f?
2, 5
Let d(o) = -o**2 - 11*o - 28. Let y be d(-5). Suppose q - 109 = -2*h + 101, 4*q = y*h - 210. What are the prime factors of h?
3, 5, 7
Suppose -2*q + 361 = -909. What are the prime factors of q?
5, 127
Let t = 239 + -213. List the prime factors of t.
2, 13
Suppose 532 = 5*b + 2*b. What are the prime factors of b?
2, 19
Let l be 54/2 + (-7)/((-49)/7). Let s be (-217)/(-5) + (-2)/5. Let r = s - l. What are the prime factors of r?
3, 5
Suppose 10 - 7 = -3*u. What are the prime factors of (-708)/(-15) + u + 6/(-30)?
2, 23
Let g = -52 + 71. Let f(o) = o**3 + 6*o**2 + 2. Let s be f(-6). Suppose 0 = -s*d + 13 + g. What are the prime factors of d?
2
Suppose 72*w - 49*w = 47472. List the prime factors of w.
2, 3, 43
Let j = -107 + 179. Suppose -3*o + 252 = j. What are the prime factors of o?
2, 3, 5
Suppose -33*v + 25424 = -19*v. List the prime factors of v.
2, 227
Let p(h) be the second derivative of h**4/12 - h**3/3 - 17*h**2/2 + 17*h. What are the prime factors of p(9)?
2, 23
Let j = 999 - 233. What are the prime factors of j?
2, 383
Suppose 0 = -18*q + 26276 + 4360. What are the prime factors of q?
2, 23, 37
Let f(w) = 98*w - 3. Suppose 7 = -y + 8*y. What are the prime factors of f(y)?
5, 19
Suppose 3*f - 6 = p, 7*p = 2*p + 2*f - 69. Let y(k) = -5*k + 31. List the prime factors of y(p).
2, 53
Suppose 5*t - 3*w = 3632, 0 = -w - 6 + 2. List the prime factors of t.
2, 181
Let k(n) = -n**2 + 6*n + 2. Let p be k(5). What are the prime factors of (-2)/(-7) - (-222)/p?
2
Let h = 1021 - 917. What are the prime factors of h?
2, 13
Let f(w) = 1 - 3 + 6*w - w**2 - w**3 + 1 - 2*w. Let i be f(-3). Suppose -5*h - 69 - 114 = -4*x, 5*x - 285 = -i*h. What are the prime factors of x?
2, 13
Let i(x) = -2*x + 27. Let g(y) = -y + 14. Let v(h) = -5*g(h) + 3*i(h). List the prime factors of v(7).
2
Suppose r + 5*y = -4 - 4, -2*r - 2*y = 0. Suppose -r*g + 7*g = 80. Let d = 8 + g. List the prime factors of d.
2, 3
Let j(s) = 42*s**2 - 5*s + 12. Let r be j(12). What are the prime factors of ((-6)/10 - -1)/(12/r)?
2, 5
Suppose 4*l - 324 = 112. Suppose -4*b = -3*o + l, -103 = -3*o + b + 3. What are the prime factors of o?
5, 7
List the prime factors of (477 - 2)*36/18.
2, 5, 19
Suppose -2*l = -2*c - 26, -3*c + 5*l - 23 - 6 = 0. Let s = 28 + c. List the prime factors of (-262)/(-5) - (-6)/s.
53
Suppose -3*c + 3*t = -450, -9 = 4*t - 13. What are the prime factors of c?
151
Suppose 9*l - 56069 = -10151. List the prime factors of l.
2, 2551
Suppose 165 = -5*f + 3*m + 1130, 2*f - 386 = m. What are the prime factors of f?
193
Let a be (-5 - -4)/((-5)/20). Suppose -a*u - 52 = -336. What are the prime factors of u?
71
What are the prime factors of (-20909)/(-56) - 15/40?
373
What are the prime factors of 0 - (-1309 + 5 - 4)?
2, 3, 109
Let j = -101 + 95. Let a(z) = -8*z + 39. What are the prime factors of a(j)?
3, 29
What are the prime factors of 97*4/10 + 32/(-40)?
2, 19
Let t(a) be the first derivative of a**4/4 + 7*a**3/3 - a**2 - 10*a + 2. Let h be t(-7). Suppose -h*r + 80 = r. List the prime factors of r.
2
List the prime factors of (-8)/2 - (-3765 + 0 - 3).
2, 941
Let g be -5*(1 + 3 + -5). Let m(w) = 4*w - 9. Let z be m(3). Suppose g*u + 5*d = 295, -2*u - z*u - 4*d = -300. List the prime factors of u.
2
Suppose 5*w + 0 = -5. What are the prime factors of w*28/4*(-24)/7?
2, 3
List the prime factors of (4 - -8)*(27 + 0).
2, 3
Suppose -9*o = -3820 - 16970. List the prime factors of o.
2, 3, 5, 7, 11
Suppose -v = -0*v - 2. List the prime factors of v - (7/((-7)/93) - 1).
2, 3
Let z(a) = a**2 - 15*a + 7. Let g be z(-13). Suppose -6*b - 23 = -g. List the prime factors of b.
2, 29
Let w = 1995 + -900. List the prime factors of w.
3, 5, 73
Let p be 5/((-3)/216*-3). Let l = 208 - p. Suppose 0 = -5*m - 3*y + 140, 0*y - l = -3*m - y. List the prime factors of m.
31
Let k = -64 - -64. Let c(s) = -s**2 - 2*s + 92. What are the prime factors of c(k)?
2, 23
Let q = 2 + -2. Suppose q = -2*t - 3*f - 0*f + 13, -3*f = t - 8. Suppose -t*s = -6*s + 4. What are the prime factors of s?
2
Suppose 687 = 5*x + 6*l - 2*l, -4*x = -5*l - 525. What are the prime factors of x?
3, 5
Suppose 14 = q + 4*q - 2*u, -5*u = 5*q. Suppose -3*s = -q*d - 118, 19 = s + 4*d - 39. What are the prime factors of s?
2, 3, 7
Suppose -5 = 3*g + k, 0*k - 10 = 5*k. Let m(t) be the first derivative of -16*t**2 - t + 1. List the prime factors of m(g).
31
Let f = 6140 + -3300. List the prime factors of f.
2, 5, 71
Suppose -180*c = -176*c - 7272. What are the prime factors of c?
2, 3, 101
Let n be (-1)/(-2) + (-119)/14. Let l be (-4)/n + 3/2. Suppose 3*x + l*i = 93, -4*x = x + 5*i - 160. List the prime factors of x.
29
Let o = 10567 - 7395. List the prime factors of o.
2, 13, 61
Let f(t) = t**3 + 9*t**2 + 15*t + 7. Let x be f(-7). Suppose x = g - 2*s - 206, -6*g + 1036 = -g - 4*s. What are the prime factors of g?
2, 13
Let l = -48 + 105. Let m = -41 + l. List the prime factors of m.
2
Let n = -175 + 338. Let c = n + -4. What are the prime factors of c?
3, 53
Suppose 43*t + 12*t = 40700. What are the prime factors of t?
2, 5, 37
Let d(h) be the third derivative of -h**6/120 - h**5/30 - h**4/24 + 4*h**3/3 - 5*h**2. Let w be d(-4). Suppose w = r + 2. List the prime factors of r.
2, 3, 7
Let q = -21 + 23. Suppose q*d = 4*d - 94. What are the prime factors of d?
47
Suppose 5*k + 4*n = 3*n + 25, 5 = k - 5*n. Suppose -k + 17 = -6*m. What are the prime factors of m/1*120/(-6)?
2, 5
Let p(k) = -k**3 + 8*k**2 - 7*k + 1. Let m = 11 - 5. List the prime factors of p(m).
31
Suppose 6*v - 10*v + 36 = 0. Suppose -a + 39 = -5*x, -3*a - 5*x + v = -8. List the prime factors of a.
2, 7
Let n be (-5)/((-3)/(18/15)). Let k(o) = o**3 + 6*o**2 + 2 + 3*o - o**2 + 0*o**2 + 0*o**n. List the prime factors of k(-4).
2, 3
Let m be (-8)/(-6)*(12 + -15). Let f = 29 + m. List the prime factors of f.
5
Let w be (-1 - -2)/(2/6). Suppose w*x - 30 = -3*x. Suppose 6*l - x*l = 36. List the prime factors of l.
2, 3
Let t(f) = -f**3 + 3*f**2 + f - 4. Let m be t(2). Suppose -218 = -m*l + 2*c + 150, -5*c = 0. What are the prime factors of l?
2, 23
Suppose 2*i - 3*i + 5 = 0. Let k = -273 + 278. List the prime factors of 7 + k/(i/3).
2, 5
Let y = -876 + 616. Let i = -32 - y. List the prime factors of i.
2, 3, 19
Let z(w) = w**2 + 17*w + 36. Let j be z(-15). List the prime factors of 148/3*j/4.
2, 37
Let i(k) = -175*k + 26. List the prime factors of i(-4).
2, 3, 11
Let f = 10 + -8. Let d(m) = 0*m**3 - 3*m**2 + 0*m**3 - m**3 - 3*m + 0*m**f. What are the prime factors of d(-3)?
3
Suppose 0 = -4*c - 5*i + 2431, -5*c - 11*i + 3065 = -10*i. List the prime factors of c.
2, 307
Let d = 12 - 10. Suppose 2*l = -10, -d*z - 3*l + 0 - 9 = 0. List the prime factors of 1/((-3)/(-102)) + z.
37
Suppose 0 = -2*q - u + 23, q - 2*u + 4 - 18 = 0. Let a be (-2)/1 + q/3. Suppose 2*d = -d - a*z + 10, 4*z = -4. List the prime factors of d.
2
Let l = -46 - -28. Let f = 72 + l. Suppose 5*o - 184 = -f. List the prime factors of o.
2, 13
Suppose -5*k = -l - 2, 2*l + 6 = -4*k - l. Suppose 4*u + 4*t - 40 = 0, k*t - 2*t - 16 = -u. List the prime factors of u.
2, 3
Suppose 2*y - 142 = 5*r, -y + 3*y = -4*r - 128. List the prime factors of (-4)/r - (-1904)/120.
2
Suppose 9*j - d + 233 = 10*j, -2*j + 2*d = -454. List the prime factors of j.
2, 5, 23
Let k(w) = -w**3 - 3*w**2 + 2*w - 1. Let v be k(-3). Let d(o) = 9*o + 17. Let u(h) = -h. Let r(f) = -d(f) - 2*u(f). List the prime factors of r(v).
2
List the prime factors of 152/(-12)*(4 + 325/(-10)).
19
Let v = -16 + 17. Let q be (v/(-2))/(1/8). Let n(o) = 3*o**2 + 3*o - 3. List the prime factors of n(q).
3, 11
Let m = 5 - -1. Let r be (8/(-12))/((-11)/33). Let v = r + m. List the prime factors of v.
2
Let m be (2/(-5))/(8/40). Let f be (-3)/m + 22/4. Suppose -2 + f = q. What are the prime factors of q?
5
Let h = 2915 + -590. What are the prime factors of h?
3, 5, 31
Let i(q) be the third derivative of q**5/60 